= -2*p + 7*p - 25. Let q(h) = h**3 - 2*h**2 + 1. Let a be q(p). Suppose 4*w + v + 0*v = 65, a = 5*w + 3*v. What are the prime factors of w?
17
What are the prime factors of 3/(-6) + 568/16?
5, 7
Suppose 3*u = -3*v + 414, 0 = -4*u + 2*v + v + 587. List the prime factors of u.
11, 13
Suppose -v = -2 - 15. What are the prime factors of v?
17
Let w be 16/10*(3 - -2). Let p(q) = q**3 - 9*q**2 + 7*q + 8. Let c be p(w). Suppose 5*a = -3*g + 8, c*g + 3*a + 36 = 5*g. List the prime factors of g.
2, 3
What are the prime factors of ((-3 + 2)/1 - -72) + 3?
2, 37
Let b be 6/((-1)/(4/(-3))). Let g(o) = 2*o - 1. What are the prime factors of g(b)?
3, 5
Let z(n) = -2*n + 4. Let r be z(7). Let b = -3 - r. List the prime factors of b.
7
Let x be (-1 - 10/(-6))*3. Suppose 0 = x*b + 4*a - 42, 4*b + 0*b + 3*a - 64 = 0. List the prime factors of b.
13
Let z(t) = -t**3 - 4*t**2 + 12*t + 7. What are the prime factors of z(-6)?
7
Let f be (-5)/(-40) + 446/16. Suppose 2*h - 3*h - 28 = -3*a, 4*a + h = f. List the prime factors of a.
2
Let m(f) = -2*f - 3. Let a be m(-3). Suppose a*g - 2 = 4. What are the prime factors of g?
2
Suppose -s - 19 = -3*q, -q - 3 = -2*s - 16. Suppose 4*p = -2*g + g + 20, 2*g - 28 = -q*p. List the prime factors of p.
2
Let w be (-30)/9*(-6)/5. Suppose 1 = -3*v + w. List the prime factors of 2*(-2 + (v - -3)).
2
Let c be ((-12)/8)/(6/(-16)). Suppose -68 = -7*i + 2*i - c*x, 47 = 2*i - 5*x. List the prime factors of i.
2
Suppose 0 = 2*i + 2*i + 4*a - 12, 0 = 5*i + 4*a - 16. Let t(m) = m + 2. What are the prime factors of t(i)?
2, 3
Let g = 46 - 0. Suppose 0 = -z - 3*p + 23 - 4, -2*z - 2*p + g = 0. What are the prime factors of z?
5
Let q(z) = 2*z**2 - 3*z - 6. Let n be q(-4). Suppose k - 4*h + n = 3*k, -5*h + 67 = 4*k. List the prime factors of k.
13
Let b(x) = 19*x - 1. Let z be b(1). Let g = z - 2. List the prime factors of g.
2
List the prime factors of -1 - 0 - (-420)/7.
59
Suppose -2*w = 3*w + 5. What are the prime factors of w - (-5)/((-5)/(-8))?
7
What are the prime factors of (-207)/(-15) + 1/5?
2, 7
Let i = 9 + 20. List the prime factors of i.
29
Let x be ((-30)/9)/(2/6). Let g be 4/1*x/(-8). List the prime factors of 18/g - (-2)/5.
2
Suppose 0 = 5*v - 2*u - 25, 3*v - 1 = -5*u + 14. Suppose -v*f + 222 = 3*c, f + c = -3*f + 172. What are the prime factors of f?
2, 3, 7
Let n(p) = -3*p. Let z = -6 + 9. Let q be n(z). Let r = q - -14. List the prime factors of r.
5
Suppose 0*d - 3*d - s = -20, 0 = -d + 3*s. Suppose -4*v = -d*f + 3*f + 169, -4*f - 3*v = -192. List the prime factors of f.
3, 17
Let c = 0 - -2. Suppose -9 = -0*n + 3*n, n = -c*z + 51. Suppose -z = -2*p - 9. What are the prime factors of p?
3
Let t(a) = -8*a + 6. Let o(c) = 4*c - 3. Let r(x) = 9*o(x) + 4*t(x). What are the prime factors of r(3)?
3
Let s be 7 - 9/(1 - -2). Suppose -s*h + 18 = -10. What are the prime factors of h?
7
Let b = -2 - -4. Suppose k = -2, 4*y + k + b = 4. List the prime factors of 1 + y + -1 - -10.
11
Let o(f) = f**3 + 6*f**2 - 6*f + 9. Let u be o(-7). Suppose -u*t - 3*t = 5, -3*n + t = -34. What are the prime factors of n?
11
List the prime factors of (30/(-8))/(9/(-36)).
3, 5
Suppose -47*a = -43*a - 664. What are the prime factors of a?
2, 83
Let c(f) = f**3 - 25*f**2 + 30*f + 7. What are the prime factors of c(24)?
151
Let t be (-3)/2*(-14)/3. Let v(c) = -2*c - 13 + c + 29. List the prime factors of v(t).
3
Let x = 22 - -50. What are the prime factors of x?
2, 3
Let s(x) = 4*x**2 + 12*x. What are the prime factors of s(-4)?
2
Suppose -n - 4704 = -17*n. What are the prime factors of n?
2, 3, 7
List the prime factors of 2*(-2 + (-505)/(-10)).
97
Suppose -z + 125 - 17 = 0. List the prime factors of 2400/z - (-2)/(-9).
2, 11
Let d = 182 + -97. List the prime factors of d.
5, 17
Let n(p) = p**3 + 15*p**2 - 18*p - 16. What are the prime factors of n(-16)?
2
Suppose q = u - 0*u - 4, -5*q - 25 = 0. What are the prime factors of 3/(3 + -2) + u?
2
Suppose 2*r + 4*o - 1 = 3*o, 0 = o - 1. Suppose 19 = n + 2*t, -3*n - t + r*t + 52 = 0. What are the prime factors of n?
17
Suppose 0 = i - 3*i. Let v = i - 0. Let j = 2 - v. What are the prime factors of j?
2
Let a(s) = s**3 - 14*s**2 + 7*s + 4. Let i(c) = -c**3 + 14*c**2 - 8*c - 3. Let o(l) = 3*a(l) + 4*i(l). What are the prime factors of o(13)?
2, 13
Suppose 10*y = 6*y + 212. What are the prime factors of y?
53
Suppose 2*a - 3 = 1. What are the prime factors of a?
2
Suppose 5*h = h + 720. List the prime factors of h.
2, 3, 5
Suppose 226 = 4*a - 5*j + 65, -2*a = 5*j - 73. What are the prime factors of a?
3, 13
Suppose 5*o - 93 = -3*v, -o = -4*v - 2*o + 124. Suppose 83 - v = 2*p. Suppose 0*r - 2*r = -p. What are the prime factors of r?
13
Let z(y) = 4*y**2 - 2*y + 1. Let v be z(1). Suppose x + 5*j = 35, v*x + 2*x + 5*j - 115 = 0. Suppose x = -s + 3*s. List the prime factors of s.
2, 5
Let v = 21 + -15. Let m be v/4*(-40)/(-12). Suppose -m*t + 55 = 5. List the prime factors of t.
2, 5
Let h(y) = -y**3 - 6*y**2 - 8*y - 9. List the prime factors of h(-6).
3, 13
Let a(r) = -5*r + 1. Let t(h) = -h - 1. Let z be t(-8). Let m = 5 - z. List the prime factors of a(m).
11
Suppose 2*l - 3 = l. List the prime factors of 92/l + (-8)/12.
2, 3, 5
Suppose -10*u = -8*u - 56. What are the prime factors of u?
2, 7
Let n(r) be the third derivative of -r**6/120 - r**5/30 + r**4/12 - r**3/3 - 3*r**2. Let j be n(2). Let p = 1 - j. What are the prime factors of p?
3, 5
Let v be 34/(-2) + (3 - 1). Let f be 32/3 - (-10)/v. Let g(m) = -m**3 + 9*m**2 + 12*m - 2. List the prime factors of g(f).
2, 3
Let x(w) = -4*w**2 + 4*w + 19. Let i(s) = -2*s**2 + 2*s + 9. Let m(g) = -13*i(g) + 6*x(g). Let l = 0 - 2. What are the prime factors of m(l)?
3
Let n be (-4)/14 - (-932)/28. Suppose -n - 9 = -3*v. What are the prime factors of v?
2, 7
Let n = 38 - -23. What are the prime factors of n?
61
Suppose 25 - 7 = z. Suppose -5*q - m + z = 0, -2*q - 2*q - 3 = -5*m. List the prime factors of q.
3
Let w = -4 + 42. Let q = -6 + w. List the prime factors of q.
2
What are the prime factors of (-2 + 1)/(8/(-144))?
2, 3
Let o(b) = b**2 + 9*b + 2. Let p be o(-9). Suppose 0 = -p*h + 4. Suppose -6*l + h*l + 48 = 0. What are the prime factors of l?
2, 3
Let h be 6/(-2 + 10/8). List the prime factors of (-8)/(-32) + (-166)/h.
3, 7
Suppose 2*p + 2*m + 941 = 5*p, -4*p - 2*m + 1250 = 0. What are the prime factors of p?
313
Let a be (-2)/(-6) - (-1)/(-3). Suppose 0 = 2*l - a*l. List the prime factors of 13 + -1 + (l - 0).
2, 3
Let s(d) = 0*d - 3*d - d - 6. Let x be s(-6). Suppose -z - 5 = -x. List the prime factors of z.
13
Suppose 51 = -5*b - j, 4*j - 60 = -2*b + 6*b. Let y = b + 24. What are the prime factors of y?
13
List the prime factors of (-110)/(-33)*(-516)/(-10).
2, 43
Suppose -2*b + 2 + 106 = 0. List the prime factors of b.
2, 3
Let o(f) = f**2 - 11*f + 7. Let m be o(7). Let i = -12 - m. List the prime factors of i.
3
Let b(l) be the third derivative of l**4/24 + l**3/6 + 2*l**2. Let y(c) = -2*c + 4. Let f(o) = 2*b(o) - y(o). What are the prime factors of f(2)?
2, 3
Suppose 0 = -5*r - 0*r. Suppose -p + 4*p - 39 = r. What are the prime factors of p?
13
Suppose b = -3*l - 35, -3*l - b - 55 = 4*b. Let x be (-9)/(-6)*l/(-3). Suppose m = 5*n - 3*m - 50, 0 = -x*n - 3*m + 50. What are the prime factors of n?
2, 5
Suppose 3 = -2*k - k. Let j = k - -23. What are the prime factors of j?
2, 11
Let m be -1 + (-4 - (-73 + 0)). Suppose n + 5*v - m = 0, v = 3*n - 2*v - 168. What are the prime factors of n?
2, 29
Suppose 64 = 5*z + 3*n, -3*z + 39 = -0*n + 2*n. What are the prime factors of z?
11
Let j(d) = -d - 2. Let v be j(-5). Suppose -2*m - 108 = c - 5*c, c - 22 = -2*m. Suppose 8 = -v*b + c. List the prime factors of b.
2, 3
Let y(i) = -2*i + 3. Let n be y(-6). Suppose 3*c = -n, 5*p - 4*c - 98 = -33. List the prime factors of p.
3
Let z = -89 - -236. What are the prime factors of z?
3, 7
Suppose -5*m - 4*u = -175, 55 = m + u + 20. What are the prime factors of m?
5, 7
List the prime factors of (-3 - -171)*(52/(-16) - -4).
2, 3, 7
Suppose 0*u = -4*u + 112. Suppose -8*l + 4*l = -u. What are the prime factors of l?
7
Suppose -3*i = -7*i + n + 30, 2*i - 10 = -2*n. Let l(c) = c**2 - c - 7. List the prime factors of l(i).
5, 7
Suppose -4*o - 1 = -21. Let y be (15/(-2))/(o/(-10)). 